sands digit of 8877784457?
8
What is the ten thousands digit of 2007378727?
7
What is the ten thousands digit of 611023803?
2
What is the ten thousands digit of 683232529?
3
What is the thousands digit of 28743659?
3
What is the hundred thousands digit of 44410999?
4
What is the hundred thousands digit of 1462172?
4
What is the thousands digit of 111986336?
6
What is the units digit of 45996354?
4
What is the millions digit of 41577851?
1
What is the ten thousands digit of 10579899?
7
What is the tens digit of 733400742?
4
What is the millions digit of 301163651?
1
What is the millions digit of 338030095?
8
What is the units digit of 465542986?
6
What is the units digit of 125983260?
0
What is the ten thousands digit of 872861871?
6
What is the ten millions digit of 61293101?
6
What is the units digit of 377043079?
9
What is the units digit of 18237087?
7
What is the hundred millions digit of 3140250774?
1
What is the hundreds digit of 2364979308?
3
What is the units digit of 54764205?
5
What is the ten thousands digit of 1822316481?
1
What is the millions digit of 12673671?
2
What is the ten thousands digit of 27591925?
9
What is the hundred millions digit of 536393895?
5
What is the ten millions digit of 331604363?
3
What is the millions digit of 271895151?
1
What is the hundreds digit of 140767214?
2
What is the thousands digit of 404174368?
4
What is the hundred thousands digit of 366500621?
5
What is the ten millions digit of 340085393?
4
What is the hundreds digit of 69917565?
5
What is the tens digit of 17183380?
8
What is the millions digit of 34248444?
4
What is the hundred thousands digit of 236951652?
9
What is the ten millions digit of 2371038935?
7
What is the units digit of 79948302?
2
What is the ten millions digit of 1351703279?
5
What is the ten thousands digit of 292418807?
1
What is the hundreds digit of 230038810?
8
What is the thousands digit of 172274553?
4
What is the hundred thousands digit of 1936386703?
3
What is the ten millions digit of 3692685021?
9
What is the tens digit of 274144782?
8
What is the ten millions digit of 16371052?
1
What is the ten millions digit of 37006505?
3
What is the hundred thousands digit of 221944676?
9
What is the units digit of 41277094?
4
What is the hundred thousands digit of 8955322?
9
What is the ten thousands digit of 81013320?
1
What is the hundreds digit of 210608695?
6
What is the ten millions digit of 119717778?
1
What is the millions digit of 26729597?
6
What is the tens digit of 2162235451?
5
What is the tens digit of 156814053?
5
What is the ten millions digit of 702898488?
0
What is the hundreds digit of 180598822?
8
What is the hundred thousands digit of 152884514?
8
What is the thousands digit of 26113523?
3
What is the tens digit of 790315051?
5
What is the hundred millions digit of 133076415?
1
What is the units digit of 3114012125?
5
What is the tens digit of 107052035?
3
What is the thousands digit of 1089292644?
2
What is the tens digit of 25669824?
2
What is the tens digit of 23320955?
5
What is the tens digit of 48241094?
9
What is the hundreds digit of 59833908?
9
What is the thousands digit of 336259545?
9
What is the tens digit of 5872427?
2
What is the thousands digit of 613643730?
3
What is the ten millions digit of 218832561?
1
What is the ten thousands digit of 107861726?
6
What is the ten thousands digit of 239282158?
8
What is the millions digit of 6356090662?
6
What is the ten thousands digit of 675182?
7
What is the hundred thousands digit of 97653854?
6
What is the millions digit of 778393137?
8
What is the hundreds digit of 74764170?
1
What is the hundred thousands digit of 2182959060?
9
What is the ten thousands digit of 300607072?
0
What is the millions digit of 87245527?
7
What is the tens digit of 158449762?
6
What is the units digit of 191736764?
4
What is the thousands digit of 299111729?
1
What is the units digit of 18897007?
7
What is the hundreds digit of 38538944?
9
What is the ten thousands digit of 359669511?
6
What is the millions digit of 3932799606?
2
What is the hundreds digit of 16717916?
9
What is the ten millions digit of 4223292245?
2
What is the hundred millions digit of 4188663984?
1
What is the units digit of 307060057?
7
What is the tens digit of 2741933153?
5
What is the units digit of 583041895?
5
What is the millions digit of 2209122350?
9
What is the tens digit of 2043071520?
2
What is the units digit of 6498008568?
8
What is the ten thousands digit of 1276529933?
2
What is the thousands digit of 729754533?
4
What is the hundred thousands digit of 17713818?
7
What is the hundreds digit of 24211326?
3
What is the units digit of 37979420?
0
What is the hundreds digit of 104185349?
3
What is the thousands digit of 85184501?
4
What is the millions digit of 6311565317?
1
What is the ten thousands digit of 2751273331?
7
What is the units digit of 953071624?
4
What is the hundreds digit of 708671775?
7
What is the millions digit of 2999787090?
9
What is the thousands digit of 52897672?
7
What is the ten millions digit of 1122887778?
2
What is the ten thousands digit of 89006794?
0
What is the hundreds digit of 2464358698?
6
What is the ten millions digit of 368464821?
6
What is the units digit of 21105660?
0
What is the tens digit of 711797268?
6
What is the units digit of 34485802?
2
What is the billions digit of 1133405240?
1
What is the hundreds digit of 2183784864?
8
What is the thousands digit of 25056489?
6
What is the units digit of 19127479?
9
What is the ten thousands digit of 26157501?
5
What is the tens digit of 6852373430?
3
What is the millions digit of 28846697?
8
What is the ten millions digit of 814924271?
1
What is the ten millions digit of 2234004117?
3
What is the tens digit of 329714178?
7
What is the millions digit of 1984598?
1
What is the ten thousands digit of 516095771?
9
What is the tens digit of 1855132852?
5
What is the millions digit of 47918368?
7
What is the units digit of 113424185?
5
What is the hundreds digit of 458840241?
2
What is the millions digit of 63351210?
3
What is the hundreds digit of 7572676?
6
What is the ten millions digit of 3581960265?
8
What is the ten millions digit of 18945825?
1
What is the hundred millions digit of 535852596?
5
What is the hundreds digit of 244399149?
1
What is the millions digit of 5633809303?
3
What is the units digit of 894864508?
8
What is the ten millions digit of 658040866?
5
What is the tens digit of 64302626?
2
What is the hundred thousands digit of 477911727?
9
What is the hundreds digit of 14938921?
9
What is the units digit of 35579292?
2
What is the hundred millions digit of 386205501?
3
What is the thousands digit of 1574148681?
8
What is the tens digit of 4750340101?
0
What is the ten millions digit of 24608415?
2
What is the hundred millions digit of 456555476?
4
What is the hundred millions digit of 194739377?
1
What is the hundreds digit of 184489952?
9
What is the hundreds digit of 2652964952?
9
What is the hundred thousands digit of 54097987?
0
What is the thousands digit of 1210370021?
0
What is the units digit of 43819340?
0
What is the millions digit of 52888494?
2
What is the tens digit of 15266708?
0
What is the thousands digit of 81882276?
2
What is the ten millions digit of 185025547?
8
What is the tens digit of 2679481588?
8
What is the hundreds digit of 57546716?
7
What is the ten thousands digit of 141531188?
3
What is the millions digit of 111033535?
1
What is the tens digit of 172817657?
5
What is the ten millions digit of 946095852?
4
What is the ten millions digit of 83510645?
8
What is the tens digit of 94031675?
7
What is the tens digit of 612773036?
3
What is the hundred millions digit of 3108959517?
1
What is the units digit of 253017236?
6
What is the hundred thousands digit of 21040583?
0
What is the ten millions digit of 182621824?
8
What is the ten thousands digit of 495839375?
3
What is the ten millions digit of 96061243?
9
What is the tens digit of 313618421?
2
What is the millions digit of 299967745?
9
What is the hundreds digit of 73955583?
5
What is the units digit of 818197414?
4
What is the millions digit of 1439564217?
9
What is the thousands digit of 39225836?
5
What is the units digit of 59612422?
2
What is